
194
Let j(t) = -5*t**2 - 18*t - 31. Give j(-7).
-150
Let n(o) = 10*o**2 + 3*o - 9. Give n(3).
90
Let o(u) = 2*u**3 + 21*u**2 - 84*u + 207. Calculate o(-14).
11
Let u(n) = 6016*n - 210565. Determine u(35).
-5
Let q(z) = -27*z + 12. Give q(3).
-69
Let l(b) = 10*b**3 + 5*b**2 - 6*b + 2. Determine l(-3).
-205
Let k(c) = c**2 + 86*c + 346. Calculate k(-4).
18
Let z(k) = k**3 - 5*k**2 - 37*k - 5. Determine z(9).
-14
Let m(s) = -45*s**2 + 4722*s + 331. What is m(105)?
16
Let s(j) = j**2 - 48*j - 344. What is s(54)?
-20
Let h(c) = 230*c - 44. Determine h(-1).
-274
Let p(t) = 9*t**3 + 2230*t**2 - 486*t + 2471. Give p(-248).
-9
Let o(c) = -3*c**2 - 2*c - 24. Determine o(-4).
-64
Let n(t) = -t**3 + 36*t**2 + 17*t - 604. Give n(36).
8
Let i(u) = -u - 191. Give i(-40).
-151
Let h(p) = 16*p**3 + 6*p**2 + 10*p + 11. Give h(-2).
-113
Let p(s) = -438*s + 3508. Give p(8).
4
Let z(r) = 20*r**3 - 13*r**2 - 47*r - 8. Give z(-3).
-524
Let f(q) = 20*q**2 + 208*q + 394. What is f(-8)?
10
Let d(r) = -69*r + 4088. What is d(59)?
17
Let u(n) = -25*n**3 + 6*n**2 - 7*n - 7. Calculate u(2).
-197
Let f(d) = 2*d**3 + 4*d**2 + 11*d + 16. Determine f(-2).
-6
Let p(s) = 4*s**2 - 202*s + 1900. Calculate p(38).
0
Let b(k) = -7*k**2 + 48*k + 245. What is b(-5)?
-170
Let g(k) = -10*k**2 + 27*k - 122. Calculate g(7).
-423
Let m(u) = -6*u + 125. Give m(15).
35
Let c(a) = -16*a**2 + 218*a + 21. Calculate c(15).
-309
Let b(i) = -218*i - 1770. Calculate b(-8).
-26
Let d(w) = -3*w**3 - 44*w**2 - 64*w + 15. Determine d(-13).
2
Let h(c) = -8714*c - 26146. Calculate h(-3).
-4
Let m(d) = 507*d - 2067. Give m(4).
-39
Let v(r) = r**2 - 53*r - 795. What is v(-12)?
-15
Let f(b) = 5*b**2 + 5*b - 61. Give f(-4).
-1
Let d(t) = 6*t**2 - 32*t + 72. Give d(5).
62
Let s(b) = 12*b**2 - 15*b + 10. Calculate s(4).
142
Let z(h) = 3*h**3 + 223*h**2 + 237*h - 4014. Determine z(-73).
1
Let f(k) = -6*k**2 - 1407*k + 4224. Give f(3).
-51
Let i(g) = -15*g + 427. What is i(37)?
-128
Let j(g) = -g**3 + 46*g**2 + 1320*g - 7. Give j(66).
-7
Let v(j) = -9*j - 130. Calculate v(-29).
131
Let c(r) = -6*r**3 - 2*r**2 - 9*r - 5. Calculate c(-1).
8
Let f(p) = -6*p**2 - 330*p + 170. Determine f(-55).
170
Let v(u) = u + 55. Calculate v(-9).
46
Let k(z) = -z**2 + 302*z + 25594. Give k(371).
-5
Let q(k) = 2*k**2 - 109*k + 199. Calculate q(52).
-61
Let g(j) = -4*j - 50. Calculate g(-13).
2
Let t(n) = -2*n**2 - 37*n + 170. Calculate t(-30).
-520
Let x(o) = o**3 + 6*o**2 + 5*o + 45. Give x(-6).
15
Let s(t) = -3*t**2 - 6*t - 119. Give s(-8).
-263
Let i(a) = -a**3 - 8*a**2 - 5*a - 18. Determine i(-8).
22
Let d(k) = 90*k**2 - 906*k + 65. Determine d(10).
5
Let g(w) = 427*w - 23486. Determine g(55).
-1
Let i(u) = 237*u**3 - 3*u**2 - 26*u + 28. Determine i(1).
236
Let b(n) = -n**3 + 17*n**2 - 394*n + 5489. Give b(15).
29
Let n(y) = -276*y - 887. Calculate n(0).
-887
Let m(c) = -17*c**2 + 1404*c + 606. Calculate m(83).
25
Let g(h) = h**3 + 10*h**2 + 47*h + 59. What is g(-4)?
-33
Let n(k) = -352*k - 4554. Determine n(-13).
22
Let f(g) = g**2 + 55*g - 1. Calculate f(-56).
55
Let s(q) = -q**3 - 6*q**2 + 4*q - 1. What is s(1)?
-4
Let c(h) = -10*h**2 + 25*h + 48. Calculate c(-2).
-42
Let p(n) = 2*n**2 + 775*n - 9532. What is p(12)?
56
Let j(m) = 2*m**3 - m**2 - 20*m - 7. Calculate j(-4).
-71
Let k(j) = j**3 - 16*j**2 - 17*j - 6. Calculate k(17).
-6
Let j(l) = l**3 - 10*l**2 + 27*l - 34. Give j(7).
8
Let n(b) = b**3 - 47*b**2 - 6*b + 99. Determine n(47).
-183
Let l(r) = -19*r**2 - 25*r + 3. Determine l(4).
-401
Let m(p) = -3*p**2 + 38*p - 262. Determine m(21).
-787
Let c(a) = 184*a**3 + 5*a**2 + 7*a + 3. What is c(-1)?
-183
Let x(j) = -15*j + 175. Determine x(15).
-50
Let u(d) = 83*d + 332. Calculate u(-9).
-415
Let o(k) = 59*k - 1163. Determine o(20).
17
Let k(l) = 4*l**2 - 68*l + 107. What is k(15)?
-13
Let b(j) = -746*j - 14966. Determine b(-20).
-46
Let m(j) = -63*j + 6422. Calculate m(102).
-4
Let x(r) = r**2 + 421*r + 4132. What is x(-10)?
22
Let o(g) = -19*g**3 - 1354*g**2 - 358*g - 214. Calculate o(-71).
-1
Let h(r) = r**2 + 102*r + 1084. Determine h(-95).
419
Let v(z) = -932*z + 17702. Determine v(19).
-6
Let o(z) = 3*z**3 - 125*z**2 - 34*z - 305. Calculate o(42).
31
Let h(y) = 2305*y + 34564. Determine h(-15).
-11
Let f(u) = 348*u - 1050. What is f(3)?
-6
Let t(u) = 2*u**3 - 7*u**2 - 72*u + 28. Give t(8).
28
Let v(u) = u**3 + 2*u**2 + 2*u - 56. Calculate v(-8).
-456
Let f(h) = -h**3 - 39*h**2 + 90*h - 40. Calculate f(-41).
-368
Let t(y) = -811*y + 17029. Determine t(21).
-2
Let y(j) = -68*j + 10. Calculate y(0).
10
Let h(m) = 16*m + 40. Give h(-7).
-72
Let a(v) = -9*v**2 + 402*v - 1979. What is a(39)?
10
Let x(p) = 42*p + 272. What is x(-6)?
20
Let h(k) = 12*k**3 + 6*k**2 + 31*k + 73. Give h(-3).
-290
Let r(w) = -208*w - 1042. What is r(-5)?
-2
Let i(p) = 191*p - 1207. Calculate i(6).
-61
Let u(a) = 3*a**2 + 64*a + 57. Calculate u(-20).
-23
Let b(h) = -8*h**2 - 284*h - 2280. Calculate b(-8).
-520
Let s(h) = -3*h**3 + 67*h**2 - 27*h + 88. Determine s(22).
-22
Let s(g) = -g**3 - 4*g**2 + 22*g - 21. What is s(1)?
-4
Let x(u) = -u**2 + 132*u + 698. What is x(137)?
13
Let l(g) = -54*g**2 + 66*g + 134. Calculate l(-2).
-214
Let t(d) = 85*d + 3972. Give t(-53).
-533
Let v(f) = 2*f**2 - 84*f - 696. Calculate v(49).
-10
Let l(h) = -4*h**3 - 62*h**2 - 229*h + 37. Calculate l(-9).
-8
Let n(b) = b**2 - 3*b - 1126. Calculate n(36).
62
Let p(h) = 205*h**2 - 394*h - 22. Calculate p(2).
10
Let c(i) = 142*i - 3114. Give c(22).
10
Let r(x) = 9*x**2 - 20*x - 5. Give r(6).
199
Let c(w) = 3*w**3 - 11*w**2 + 15*w - 2. Calculate c(6).
340
Let b(z) = z**2 + 15*z - 25. Give b(-18).
29
Let n(b) = -359*b - 2169. Calculate n(-6).
-15
Let h(u) = 31*u - 137. What is h(3)?
-44
Let u(i) = 4*i**3 + 19*i**2 + 11*i - 28. Give u(-2).
-6
Let r(w) = 3563*w - 14264. Calculate r(4).
-12
Let y(i) = 15*i + 86. Calculate y(-10).
-64
Let v(j) = -36*j + 708. Calculate v(24).
-156
Let i(x) = 205*x + 199. Give i(-2).
-211
Let s(l) = -l**3 + 26*l**2 + 245*l + 929. Determine s(34).
11
Let v(y) = y**2 - 87*y + 22. Determine v(0).
22
Let m(i) = -2102*i + 14715. Give m(7).
1
Let c(s) = -s**2 - 94*s + 49. Calculate c(-94).
49
Let f(a) = -a**3 + 17*a**2 + 275*a - 137. Determine f(27).
-2
Let i(q) = 478*q + 958. What is i(-2)?
2
Let g(a) = 2*a**2 - a - 2. What is g(-2)?
8
Let o(k) = k**2 - 209*k + 2185. Give o(11).
7
Let d(q) = q**3 - 8*q**2 + q - 25. Determine d(8).
-17
Let a(q) = q**3 - 204*q**2 + 1755*q - 3. Calculate a(9).
-3
Let v(o) = -o**3 + o**2 + 15*o - 5. Give v(0).
-5
Let f(j) = -22*j**2 - 135*j - 8. Determine f(-6).
10
Let t(p) = 2*p**3 + 30*p**2 - 69*p - 39. Determine t(-17).
-22
Let a(x) = x**3 + 45*x**2 + 90*x + 171. Calculate a(-43).
-1
Let x(l) = -2*l**3 - 104*l**2 - 201*l - 5028. Give x(-51).
21
Let y(b) = 282*b - 1428. Give y(5).
-18
Let g(j) = 52*j**3 + 4*j**2 + 2*j - 4. What is g(-2)?
-408
Let h(v) = v**2 - 830*v + 25550. Calculate h(32).
14
Let g(z) = z**2 - 19*z + 16. What is g(16)?
-32
Let t(d) = -32*d**3 + 3*d**2 + 5*d - 15. Calculate t(2).
-249
Let g(n) = 688*n + 735. Give g(-1).
47
Let p(d) = -d**3 + 13*d**2 + 138*d - 12. Calculate p(-7).
2
Let t(m) = 24*m + 506. What is t(-18)?
74
Let f(u) = -11*u**2 + 80*u + 9. Determine f(7).
30
Let s(l) = -l**3 - 37*l**2 + 6*l + 163. What is s(-37)?
-59
Let v(f) = -f + 47. Give v(-40).
87
Let j(f) = -31*f - 109. Give j(-6).
77
Let b(y) = 198*y - 8111. Calculate b(41).
7
Let h(k) = k**3 + 9*k**2 - 25*k + 11. What is h(-11)?
44
Let s(q) = 21*q + 1028. What is s(-48)?
20
Let b(u) = -33*u - 41. Calculate b(2).
-107
Let j(w) = -w**3 - 2*w**2 + 33*w - 12. Calculate j(-8).
108
Let z(x) = 3*x + 503. Determine z(-168).
-1
Let f(g) = -g**3 - 13*g**2 + 13*g - 363. What is f(-16)?
197
Let i(b) = b**2 - 53*b + 228. Calculate i(48).
-12
Let a(h) = 2*h**3 - 107*h**2 - 59*h + 75. Give a(54).
-195
Let i(c) = 3576*c - 10724. Give i(3).
4
Let z(p) = -p**3 - 25*p**2 - 193*p + 22. Determine z(-9).
463
Let b(d) = 3*d**3 - 23*d**2 + 8*d + 101. Calculate b(7).
59
Let q(f) = -f**3 - 4*f**2 + f - 101. Calculate q(0).
-101
Let x(t) = 2*t**3 - 3*t**2 + t + 9. Give x(0).
9
Let o(j) = -j**3 + 9*j**2 + 20*j + 35. Give o(11).
13
Let z(q) = q**2 - 5*q - 436. Determine z(25).
64
Let q(f) = f**3 - 57*f**2 + 104*f + 32. What is q(55)?
-298
Let d(u) = 